) - t(h). What is the units digit of r(u)?
0
Suppose -2*a = -48 - 154. What is the units digit of a?
1
Let u(f) = 3*f**2 - f + 2. What is the units digit of u(-2)?
6
Let n(d) = d**2 - 11*d - 12. Let u be n(12). What is the tens digit of 10 - u*(-2)/2?
1
Suppose 173 + 47 = -5*i. Let w = 87 + i. What is the units digit of w?
3
Let u(g) = -9*g - 5. What is the tens digit of u(-5)?
4
Let j(f) = -2*f**3 - 7*f**2 + 3*f - 1. What is the hundreds digit of j(-6)?
1
Let y(m) = m + 0 + 0 + 3. Let l be (-28)/(-12) - 6/(-9). What is the units digit of y(l)?
6
Suppose 5 = -r + 6. What is the units digit of (1*12 - 1)/r?
1
Let c(a) = 71*a**2 + 5*a. Let s(y) = -462*y**2 - 33*y. Let o(d) = 33*c(d) + 5*s(d). What is the tens digit of o(1)?
3
Suppose 65 + 19 = 3*k. What is the units digit of k?
8
Let i be -3*(-4)/6 - -10. Let w = i + -6. What is the units digit of w?
6
Let j(p) = p**3 + 6*p**2 - 8*p + 2. Suppose 5*h + 18 + 17 = 0. What is the units digit of j(h)?
9
What is the units digit of (4/(-6))/((-8)/36)?
3
Suppose 0 = -5*j + s + 401, 0*s + 397 = 5*j + 3*s. What is the tens digit of j?
8
Let p be (4/(-5))/(20/50). What is the units digit of p*3/2 + 29?
6
Suppose -5*d + 16 = -9. Let h(l) = -l**3 + 5*l**2 + 5*l - 7. What is the units digit of h(d)?
8
Let t(f) = -f**2 - 14*f + 5. What is the tens digit of t(-11)?
3
Suppose 4*a + 8 = 24. Let n = a - -2. What is the units digit of n?
6
Suppose 3 = -3*j + 4*i + 5, 3*j + i = 7. What is the tens digit of (j/3)/(8/168)?
1
Suppose 4*j = 5*j - 2. Let q be j/(2 - 0) + 9. Suppose -3*d = 5*c + 2, -d + c = -0*c - q. What is the units digit of d?
6
Let o = -17 - -16. What is the units digit of (24 - o) + (-4 - -2)?
3
Suppose q - 2 = -k, -q - 3*k + k + 2 = 0. Suppose -q*i = -0*u - 4*u + 58, -4*u + 53 = 3*i. What is the units digit of u?
4
Let b(f) = 52*f**2 + 2*f - 1. Let y be (-2)/36*-3*6. Let h be b(y). Suppose 4*j - h = 5*n, 2*j = 2*n + 15 + 11. What is the tens digit of j?
1
Let v = 9 + 30. What is the units digit of v?
9
Let b = -13 + 68. What is the tens digit of b?
5
Suppose 15*u - 10*u = -90. What is the units digit of (-16)/(-5)*(-135)/u?
4
Let f(s) = -s**3 - 2*s**2 - 3*s - 2. Let c(v) = v**3 + 5*v**2 + 5*v + 2. Let k be c(-4). Let t be f(k). Suppose l = -2 + t. What is the units digit of l?
2
Suppose 4*j - 7 = 4*m + 9, -3*m = 3. Suppose 12 = k + j*k. Suppose k*u - 5 - 4 = 0. What is the units digit of u?
3
Let r(d) = -2*d - 7. Let w be r(-5). Suppose -3*f + 2*y = -f - 2, 3*f - 2*y - w = 0. What is the units digit of f?
1
Let t(s) = -s**3 - 10*s**2 - 1. What is the tens digit of t(-11)?
2
What is the hundreds digit of -3 - (-150 + -4 + 3)?
1
Let g(k) be the second derivative of -k**5/20 + 5*k**4/6 + k**3 - 3*k**2/2 - 3*k. What is the units digit of g(10)?
7
Let i be (232/(-10))/(4/(-10)). Suppose -4*f - i - 12 = -3*a, 3*a + 5*f = 61. Let m = -13 + a. What is the units digit of m?
9
Suppose -5*r = -20 - 30. Suppose 59 = -4*z - t, 0*z + z + 12 = -3*t. What is the units digit of 61/3 - r/z?
1
Suppose 2*y + 57 = o + 4, -2*o + 3*y = -108. What is the tens digit of o?
5
Let s be 4/3*(-2 - 1). Suppose -3*t - 41 = o, -5*o - 205 = -0*o + 5*t. What is the units digit of (o - -5)*2/s?
8
Let f(r) = 2*r**2 - 3*r + 24. What is the tens digit of f(-6)?
1
Let r = 37 + 28. What is the units digit of r?
5
Let j = 0 + -3. What is the units digit of (-12)/((-18)/4 - j)?
8
Let o = 1 + 2. Suppose i - o*d + 7 = 0, 0 = -d + 5*d - 12. What is the units digit of i?
2
Let n(p) = p**3 - p**2 + p + 4. Let q be n(0). Suppose 5*b - 26 = -f, -5*b - 4*f + 32 = 3. Let c = b - q. What is the units digit of c?
1
Let p = 14 - 12. Suppose -4*f + 40 = p*z, f = 4*z - f - 90. What is the units digit of z?
2
Suppose s - 100 = -k, 4*s + 281 = 4*k - 111. What is the tens digit of k?
9
Suppose 0 = -y + p + 60, 0 = -4*y - 6*p + 4*p + 228. What is the tens digit of y?
5
Let t be (0*(-3)/9)/2. Suppose 2*q + 2*x = -t + 12, 3*q = x + 18. What is the units digit of q?
6
Suppose 0 = h - 4 + 2. Suppose -3*j - s + 53 = 3*s, -4*s + 38 = h*j. What is the tens digit of j?
1
Suppose 10 = 8*r - 7*r. Suppose 0 = -x + 2*x - r. What is the units digit of x?
0
Let r be (-18)/4*16/(-12). Suppose -7 - r = -m - 3*t, 5*t = 5*m - 5. What is the units digit of m?
4
Let n be (-3)/(-12) + (-46)/(-8). What is the units digit of 40/18 - n/27?
2
Let n(m) = -m**2 - 10*m + 9. What is the tens digit of n(-9)?
1
Let j = -1 + 2. What is the units digit of (j/(-1))/((-3)/57)?
9
Let m(l) = -l**2 + 9*l - 6. Let h be m(9). Let p = h - -16. What is the units digit of p?
0
Let y(c) = -c - 4. Suppose -4*t = -8, 2*t + 29 = 3*l + 6*t. Let k be y(l). What is the units digit of (-2)/k - (-141)/11?
3
Let d be (-52)/6*(0 - 3). Suppose 2*o = -11*f + 8*f + 1, 3*o - 5*f = 30. Let x = d - o. What is the tens digit of x?
2
Suppose -2*u - 5 = -579. What is the units digit of u?
7
Let m(r) = 9*r**2 - 3*r + 2. What is the hundreds digit of m(-4)?
1
What is the hundreds digit of ((-6)/(-42) - 60/28) + 378?
3
Let y = 0 - -50. What is the units digit of y?
0
Suppose 5*r = -4*p + 21, 5*r + 9 - 34 = -5*p. Let l be (-3)/(3/r) + -1. What is the units digit of 2/l + 6/2?
2
Suppose r - 10 = -4*r, 5*r = -3*x + 34. Let o be 41/4 - 2/x. Let d = o + -7. What is the units digit of d?
3
What is the hundreds digit of 100/75*(-285)/(-2)?
1
Let x(l) = l**2 + 10*l + 28. What is the tens digit of x(-20)?
2
What is the tens digit of ((-22)/4)/((-5)/210)?
3
Suppose 0*k + 20 = 4*k. Suppose -3*b = -d - k, -3 = -b - 3*d + 2*d. What is the units digit of b?
2
Let y = 7 + -5. Suppose y*p + 2 = 6. Suppose -4*w = p*r, -5*r - w + 41 = 14. What is the units digit of r?
6
Let s(w) = 4*w. What is the tens digit of s(14)?
5
Let d = 23 + -5. Suppose 143 - d = 5*z. What is the units digit of z?
5
Let k = 277 + -197. What is the tens digit of k?
8
Let r = -2 + 3. What is the tens digit of (11/1)/1*r?
1
What is the tens digit of -1 - ((-1 - 3) + 138)/(-1)?
3
Suppose h - 5*a - 51 = 0, h = -0*h - 2*a + 65. Let n = 8 - 4. Suppose w - 15 = v, -n*w - v = -w - h. What is the tens digit of w?
1
Let d = 1 - -4. Let i(u) = 2*u**2 - 13*u - 3. Let l(n) = -n**2 + 7*n + 2. Let q(j) = 3*i(j) + 5*l(j). What is the units digit of q(d)?
6
Let m be (-2)/(-7) - (-80)/14. Let r = 6 - 2. Let w = m + r. What is the tens digit of w?
1
Suppose -8 = -2*g - 0. Suppose 3*w + 38 = g*w. What is the units digit of w?
8
Suppose 0*g + 3*g = 45. Let m = 23 - g. What is the units digit of m?
8
Let s(x) = x**3 + 4*x**2 + 3*x - 2. Let t be s(-3). Let z be (t + 3)*3 + 0. What is the tens digit of (6 - (2 + -1))*z?
1
Suppose 0 = 8*z - 21*z + 1677. What is the tens digit of z?
2
Suppose 17 + 8 = -5*l. Let j = -5 - l. Suppose j = 5*i - 2 - 58. What is the units digit of i?
2
Suppose -91*t + 144 = -90*t. What is the hundreds digit of t?
1
Let z(g) = -g**3 - 7*g**2 - 8*g - 3. Let m be z(-7). Let i = -29 + m. What is the units digit of i?
4
Let q be (-6)/(0 - 3) + -2. What is the units digit of (-6)/(-1) - (q + -2)?
8
What is the units digit of 0 - -2 - 2 - -308?
8
Suppose 2*p - 3*j - 4 = 7, 2*p - 2*j = 10. Suppose 0 = 5*x - 2*r + r - 32, -p*x = -2*r - 22. What is the units digit of x?
7
Let z be ((-3)/(-2))/(1/2). Let g = 0 - -25. Suppose -z*w + g + 11 = 0. What is the units digit of w?
2
Suppose 0 = -5*o + o + 8. Suppose -5*p - 4*x = -20 - 37, o*x + 56 = 4*p. What is the tens digit of p?
1
Let n = 62 - 22. Suppose 0 = -3*c + b + n, 5*b = -c + 2*b + 20. Let z = c - 2. What is the units digit of z?
2
Suppose 5*l - 5*u - 35 = 0, -u = 2*l - 0*l - 2. Suppose 0*p - 6 = -l*p. Suppose 0*i = 2*i - p. What is the units digit of i?
1
Let i(n) = -2*n + 15. Let g(r) = r - 5. Let w = -1 - 3. Let o(a) = w*i(a) - 11*g(a). What is the tens digit of o(-6)?
1
Suppose 76 + 26 = w. What is the hundreds digit of w?
1
Let d be 0/(0 + 1 + 1). Let u(c) = 2*c + 38. Let v be u(-18). Suppose -v*k = -d*k - 14. What is the units digit of k?
7
Let a be -17 + (-3 - 0/1). What is the units digit of 5/a - 34/(-8)?
4
Suppose 5*a - 36 = -2*h, -4*h + 3*a = a - 48. What is the units digit of h?
3
Suppose -3*v + 366 = 3*s, 0 = -7*v + 2*v - 2*s + 595. What is the units digit of v?
7
Suppose -18 = q - 4*q. Let z = 18 - q. What is the units digit of (16/(-10))/(z/(-30))?
4
Let w(b) = -b**3 + 5*b**2 - 3*b - 2. Let a be w(3). S